{"id":7,"date":"2025-08-29T12:06:48","date_gmt":"2025-08-29T12:06:48","guid":{"rendered":"http:\/\/accueil-1"},"modified":"2026-04-03T17:11:29","modified_gmt":"2026-04-03T17:11:29","slug":"accueil","status":"publish","type":"page","link":"http:\/\/www.shaolinfranceofficiel.com\/","title":{"rendered":"Accueil"},"content":{"rendered":"\n<p><strong>Les Actu <\/strong><\/p>\n\n\n\n<div class=\"wp-block-query is-layout-flow wp-block-query-is-layout-flow\"><ul class=\"wp-block-post-template is-layout-flow wp-block-post-template-is-layout-flow\"><li class=\"wp-block-post post-73 post type-post status-publish format-standard has-post-thumbnail hentry category-actualites\">\n\n<div class=\"wp-block-columns are-vertically-aligned-center is-layout-flex wp-container-core-columns-is-layout-28f84493 wp-block-columns-is-layout-flex\">\n<div class=\"wp-block-column is-vertically-aligned-center is-layout-flow wp-block-column-is-layout-flow\" style=\"flex-basis:25%\"><figure class=\"wp-block-post-featured-image\"><a href=\"http:\/\/www.shaolinfranceofficiel.com\/index.php\/2026\/04\/03\/father-joe-tournage-termine\/\" target=\"_self\"  ><img loading=\"lazy\" decoding=\"async\" width=\"1280\" height=\"960\" src=\"http:\/\/www.shaolinfranceofficiel.com\/wp-content\/uploads\/2026\/04\/photo_2026-04-03-18.43.55.jpeg\" class=\"attachment-post-thumbnail size-post-thumbnail wp-post-image\" alt=\"Father Joe, tournage termin\u00e9!\" style=\"object-fit:cover;\" srcset=\"http:\/\/www.shaolinfranceofficiel.com\/wp-content\/uploads\/2026\/04\/photo_2026-04-03-18.43.55.jpeg 1280w, http:\/\/www.shaolinfranceofficiel.com\/wp-content\/uploads\/2026\/04\/photo_2026-04-03-18.43.55-300x225.jpeg 300w, http:\/\/www.shaolinfranceofficiel.com\/wp-content\/uploads\/2026\/04\/photo_2026-04-03-18.43.55-1024x768.jpeg 1024w, http:\/\/www.shaolinfranceofficiel.com\/wp-content\/uploads\/2026\/04\/photo_2026-04-03-18.43.55-768x576.jpeg 768w\" sizes=\"auto, (max-width: 1280px) 100vw, 1280px\" \/><\/a><\/figure><\/div>\n\n\n\n<div class=\"wp-block-column is-vertically-aligned-center is-layout-flow wp-block-column-is-layout-flow\" style=\"flex-basis:75%\"><h2 class=\"wp-block-post-title\"><a href=\"http:\/\/www.shaolinfranceofficiel.com\/index.php\/2026\/04\/03\/father-joe-tournage-termine\/\" target=\"_self\" >Father Joe, tournage termin\u00e9!<\/a><\/h2><\/div>\n<\/div>\n\n<\/li><\/ul><\/div>\n\n\n<p style=\"text-align: center;\"><em><a href=\"https:\/\/www.shaolinfranceofficiel.com\/index.php\/2026\/04\/03\/father-joe-tournage-termine\/\">Lire la suite&#8230;<\/a><\/em><\/p>\n\n\n<hr class=\"wp-block-separator has-css-opacity\"\/>\n\n\n<section class=\"hero\">\n<h1>Shaoline Romainville<\/h1>\n<p>Club associatif \u2013 arts martiaux &amp; bien-\u00eatre \u00e0 Romainville.<\/p>\n<p><strong>Rejoignez-nous<\/strong> pour d\u00e9couvrir nos cours : enfants, ados, adultes, tous niveaux.<\/p>\n<\/section>\n<section class=\"blocs\">\n<h2>Nos valeurs<\/h2>\n<ul>\n<li>Respect<\/li>\n<li>Discipline<\/li>\n<li>Esprit d\u2019\u00e9quipe<\/li>\n<\/ul>\n<\/section>\n<p>&nbsp;<\/p>\n<p>\u7985\u6b66\u5408\u4e00<\/p>\n<p>ch\u00e1n w\u01d4 h\u00e9 y\u012b<\/p>\n<p>La m\u00e9ditation et l\u2019art martial ne font qu\u2019un.<\/p>\n<p>\u4eba\u7ec3\u62f3\uff0c \u62f3\u7ec3\u4eba<\/p>\n<p>r\u00e9n li\u00e0n qu\u00e1n, qu\u00e1n li\u00e0n r\u00e9n<\/p>\n<p>L\u2019homme pratique l\u2019art, l\u2019art forge l\u2019homme.<\/p>\n<p>\u5e08\u7236\u9886\u8fdb\u95e8 \u4fee\u884c\u5728\u4e2a\u4eba<\/p>\n<p>Sh\u012b f\u00f9 l\u01d0ng j\u00ecn m\u00e9n \uff0c xi\u016b x\u00edng z\u00e0i g\u00e8 r\u00e9n<\/p>\n<p>Le ma\u00eetre guide sur la voie, l\u2019\u00e9l\u00e8ve s\u2019y d\u00e9couvre.<\/p>\n<section class=\"cta\"><a href=\"\/inscriptions\">S\u2019inscrire ou demander un essai<\/a><\/p>\n<\/section>\n\n\n<div class=\"wp-block-query is-layout-flow wp-block-query-is-layout-flow\"><ul class=\"wp-block-post-template is-layout-flow wp-block-post-template-is-layout-flow\"><li class=\"wp-block-post post-73 post type-post status-publish format-standard has-post-thumbnail hentry category-actualites\">\n\n<div class=\"wp-block-query is-layout-flow wp-block-query-is-layout-flow\"><\/div>\n\n<\/li><\/ul><\/div>\n\n\n\n<p><\/p>\n","protected":false},"excerpt":{"rendered":"<p>Association sportive \u00e0 Romainville \u2013 arts martiaux.<\/p>\n","protected":false},"author":1,"featured_media":0,"parent":0,"menu_order":0,"comment_status":"closed","ping_status":"closed","template":"","meta":{"site-sidebar-layout":"default","site-content-layout":"","ast-site-content-layout":"default","site-content-style":"default","site-sidebar-style":"default","ast-global-header-display":"","ast-banner-title-visibility":"","ast-main-header-display":"","ast-hfb-above-header-display":"","ast-hfb-below-header-display":"","ast-hfb-mobile-header-display":"","site-post-title":"","ast-breadcrumbs-content":"","ast-featured-img":"","footer-sml-layout":"","theme-transparent-header-meta":"","adv-header-id-meta":"","stick-header-meta":"","header-above-stick-meta":"","header-main-stick-meta":"","header-below-stick-meta":"","astra-migrate-meta-layouts":"default","ast-page-background-enabled":"default","ast-page-background-meta":{"desktop":{"background-color":"var(--ast-global-color-5)","background-image":"","background-repeat":"repeat","background-position":"center center","background-size":"auto","background-attachment":"scroll","background-type":"","background-media":"","overlay-type":"","overlay-color":"","overlay-opacity":"","overlay-gradient":""},"tablet":{"background-color":"","background-image":"","background-repeat":"repeat","background-position":"center center","background-size":"auto","background-attachment":"scroll","background-type":"","background-media":"","overlay-type":"","overlay-color":"","overlay-opacity":"","overlay-gradient":""},"mobile":{"background-color":"","background-image":"","background-repeat":"repeat","background-position":"center center","background-size":"auto","background-attachment":"scroll","background-type":"","background-media":"","overlay-type":"","overlay-color":"","overlay-opacity":"","overlay-gradient":""}},"ast-content-background-meta":{"desktop":{"background-color":"var(--ast-global-color-4)","background-image":"","background-repeat":"repeat","background-position":"center center","background-size":"auto","background-attachment":"scroll","background-type":"","background-media":"","overlay-type":"","overlay-color":"","overlay-opacity":"","overlay-gradient":""},"tablet":{"background-color":"var(--ast-global-color-4)","background-image":"","background-repeat":"repeat","background-position":"center center","background-size":"auto","background-attachment":"scroll","background-type":"","background-media":"","overlay-type":"","overlay-color":"","overlay-opacity":"","overlay-gradient":""},"mobile":{"background-color":"var(--ast-global-color-4)","background-image":"","background-repeat":"repeat","background-position":"center center","background-size":"auto","background-attachment":"scroll","background-type":"","background-media":"","overlay-type":"","overlay-color":"","overlay-opacity":"","overlay-gradient":""}},"footnotes":""},"class_list":["post-7","page","type-page","status-publish","hentry"],"_links":{"self":[{"href":"http:\/\/www.shaolinfranceofficiel.com\/index.php\/wp-json\/wp\/v2\/pages\/7","targetHints":{"allow":["GET"]}}],"collection":[{"href":"http:\/\/www.shaolinfranceofficiel.com\/index.php\/wp-json\/wp\/v2\/pages"}],"about":[{"href":"http:\/\/www.shaolinfranceofficiel.com\/index.php\/wp-json\/wp\/v2\/types\/page"}],"author":[{"embeddable":true,"href":"http:\/\/www.shaolinfranceofficiel.com\/index.php\/wp-json\/wp\/v2\/users\/1"}],"replies":[{"embeddable":true,"href":"http:\/\/www.shaolinfranceofficiel.com\/index.php\/wp-json\/wp\/v2\/comments?post=7"}],"version-history":[{"count":11,"href":"http:\/\/www.shaolinfranceofficiel.com\/index.php\/wp-json\/wp\/v2\/pages\/7\/revisions"}],"predecessor-version":[{"id":93,"href":"http:\/\/www.shaolinfranceofficiel.com\/index.php\/wp-json\/wp\/v2\/pages\/7\/revisions\/93"}],"wp:attachment":[{"href":"http:\/\/www.shaolinfranceofficiel.com\/index.php\/wp-json\/wp\/v2\/media?parent=7"}],"curies":[{"name":"wp","href":"https:\/\/api.w.org\/{rel}","templated":true}]}}